5)) is divided by (56 - 30)/(-4 - -6).
12
Suppose -h = 2*l + 2*h - 20, -2*h = -l - 4. What is the remainder when 5*(0 - (-56)/20) is divided by l?
2
Let v = 63 + -25. Calculate the remainder when -55*(-78)/1144*(20 - 4 - -4) is divided by v.
37
Suppose -8*c + 2*v + 154 = -4*c, 3*c = -v + 123. What is the remainder when 1399 is divided by c?
39
Let l = -291 + 547. Suppose 3*k - l = -k. Suppose -4*v - 36 = 2*g - 6*g, 59 = 3*g + 5*v. Calculate the remainder when k is divided by g.
12
Suppose 0 = -t - w + 28, -4*w + 33 + 10 = t. Let s = 23 - t. Suppose 3*i - 21 = -s. Calculate the remainder when 28 is divided by i.
0
Suppose 30 = 1519*z - 1518*z - 3*m, -5*z = -4*m - 150. What is the remainder when 255/(-6)*8/(-5) is divided by z?
8
Let u(s) = 54*s + 2150. Calculate the remainder when u(-35) is divided by 62.
12
Let m = -4 - -6. Suppose 0 = m*q - 8 - 4. Suppose 0 = -5*h - 2*i + 5, -h - q*i - 22 = -i. What is the remainder when h is divided by 3?
0
Suppose 42 - 6 = 18*h. Suppose 5*z - 31 = -2*c, c - h*c - z + 17 = 0. Calculate the remainder when 137 is divided by c.
11
Suppose -x - 3*w = -130, -542*w - 520 = -4*x - 547*w. Calculate the remainder when 892 is divided by x.
112
Suppose 0*m - 4*m + 32 = 0. Suppose -4*c + 416 = -m. Calculate the remainder when (-1 - 9/(-6))*c is divided by 18.
17
Let h be 657/21 - (-2)/(-7). Suppose -25*c = -h*c + 84. Suppose -201 = -z - 2*z. Calculate the remainder when z is divided by c.
11
Let q(a) = -a**2 + 22*a + 30. Let r be q(22). Suppose -r*m - 120 = -40*m. Calculate the remainder when 57 is divided by m.
9
Suppose -135 = -4*p + 217. Calculate the remainder when 1138 is divided by p.
82
Suppose -1349 = -39*p + 94. What is the remainder when 368 is divided by p?
35
Suppose -315*q + 16053 + 284 = -4453. Calculate the remainder when 138 is divided by q.
6
Suppose 2*i + 3*i = 50. Suppose a - i + 7 = 0. Suppose a*d = -10 + 73. Calculate the remainder when d is divided by 14.
7
Let x(g) = -g**2 + 15*g + 3. Let t = -79 + 90. Let p be x(t). Suppose 4*w - k - p = 0, 0 = 2*w + 5*k - 8 - 43. What is the remainder when 34 is divided by w?
8
Let a be -8*(-3)/((-18)/(-39)). Suppose 3*n - 4*h = n + a, -5*n + 109 = -3*h. What is the remainder when 137 is divided by n?
17
Let a(c) = 341*c + 9568. Let q(r) = r**3 + r + 238. Calculate the remainder when q(0) is divided by a(-28).
18
Suppose -748 - 226 - 230 = -86*x. Suppose 0 = -2*g - 3*m + 367, -4*g + 2*m = -453 - 289. Suppose 2*c = -3*c + g. Calculate the remainder when c is divided by x.
9
Suppose 5*q + p = 23, -2 = -0*q - 2*q + 2*p. Let l = -30 - -45. What is the remainder when -692*q/(-1 - l) is divided by 29?
28
Let m(u) = u**2 - 310*u + 50. What is the remainder when 1043 is divided by m(0)?
43
Suppose -u - 5*j + 18 = -8, -j + 4 = -u. Suppose k + 2*g - 52 = -3*k, 0 = -3*k + 3*g + 30. Calculate the remainder when k is divided by (-3)/u + 3 + 4 + 1.
2
Let o = 1402 - 1277. Calculate the remainder when 1742 is divided by o.
117
Suppose 0 = 4*k + 4*m - 28, 4*m + 55 = 5*k + 47. Calculate the remainder when 167 is divided by k.
3
Let b be 1 - 2 - -2 - -4. Suppose -b*r = -20 - 25. Suppose -134*v + 5371 = -2937. Calculate the remainder when v is divided by r.
8
Let a be (-4)/34 - 461/(-17). Let z = a - 22. Suppose -z*x + 3 + 17 = 0. Calculate the remainder when x is divided by 4.
0
Let m(o) = 52*o - 3593. Calculate the remainder when 931 is divided by m(75).
10
Suppose 4*m + 135 = 107, -w - 3*m = 15. Let p(t) = -t**3 - t**2 - t + 13. Calculate the remainder when p(0) is divided by w.
1
Let s be (-8)/(-28) + (-2092)/(-28). Let i be s/(-20)*-6*2. Let d = -6 + i. Calculate the remainder when d is divided by 14.
11
Suppose 24 = -0*c - 4*c. Suppose -41 = -282*q + 272*q + 99. Calculate the remainder when ((-4)/c)/((-4)/(-498)) is divided by q.
13
Suppose -33 = -4*d - y, 3*d + 18*y - 29 = 13*y. Let h = -49 + 83. What is the remainder when 2/d - ((-1564)/16 + 0) is divided by h?
30
Let h(s) = -5*s + 1. Let n(q) = -7*q + 48. Let l(u) = -u + 1. Let w(y) = -5*l(y) + n(y). What is the remainder when h(-1) is divided by w(20)?
0
Let h = -1519 + 2527. Suppose -23*t + 280 + h = 0. What is the remainder when t is divided by 33?
23
Let g(m) = -3*m**3 - 57*m**2 - 196*m + 5. Let z(x) = x + 827. Calculate the remainder when z(0) is divided by g(-4).
68
Let b be 38 + (0/2 - -3). Suppose -289 = -4*y - 5*m, m = y - 4*m - b. What is the remainder when y is divided by 44?
22
Suppose -5*a + 4*x = 2*x + 2, 3*x = 2*a + 3. Suppose a = -11*z + 14*z - 45. What is the remainder when 297 is divided by z?
12
Let y = 2 + 13. Suppose -3*a - 11 = -5*q + 44, 5*q = a + 25. Let n = 87 + a. Calculate the remainder when n is divided by y.
12
Let w(t) = 34*t + 710. Calculate the remainder when w(-12) is divided by 158.
144
Suppose -2571 + 17256 = 15*p. Suppose -4*n + p = -5*a, 12*a + 1019 = 4*n + 15*a. Calculate the remainder when n is divided by 42.
41
Let j(o) = -22*o - 14. Suppose 1 = 4*k + 2*f - 77, -3*k + 2*f = -69. Let x be 8/(-1) + (k - 17). Calculate the remainder when j(x) is divided by 15.
14
Suppose 10*c - 160 = 240. Suppose 3*i - 5*m - c = 0, -23 = 4*m - 3. What is the remainder when 19 is divided by i?
4
Let s = 7520 - 7301. Calculate the remainder when s is divided by 212.
7
Suppose -z = -l + 158, -3*l + 471 = -8*z + 6*z. What is the remainder when l is divided by ((-20)/(-35))/(2/182)?
51
Let b = -4899 + 5018. What is the remainder when b is divided by 117?
2
Let m = -1165 + 3018. Suppose 22*n - 1645 = m. What is the remainder when n is divided by 10?
9
Suppose 95*p - 102*p + 3073 = 0. What is the remainder when p is divided by 12?
7
Let m = 10820 + -10800. Suppose 29 + 27 = l - 5*o, -3*l + 168 = 5*o. What is the remainder when l is divided by m?
16
Suppose 141 = -3*i + 114, 4*m = i + 833. Calculate the remainder when m is divided by 9/(1/(-11)*-1).
8
Suppose 130*g + 163 = 170*g - 77. Calculate the remainder when 490 is divided by g.
4
What is the remainder when 442 is divided by (-5800)/(-52) + (-40)/26 + 2?
106
Let u(c) = -c**3 + 30*c**2 + 90*c - 1006. What is the remainder when u(16) is divided by 27?
22
Let j(r) be the first derivative of 7*r**4/2 - 2*r**3/3 + r**2 + 2*r - 1. Let s(d) = -1094*d + 17511. What is the remainder when j(2) is divided by s(16)?
5
Suppose 0 = -2*o + 2*t + 36, -39*o - 41 = -41*o + 3*t. Suppose 0 = -j - 4*g + 45, -j + 4*g + 22 = -47. Calculate the remainder when j is divided by o.
5
Suppose 75*c + 128*c + 15382 - 96988 = 0. Let w = -26 - -50. Calculate the remainder when c is divided by w.
18
Suppose 5 = -10*j + 5. Suppose -2*b + 4*f + 148 + 208 = j, 4*f + 878 = 5*b. What is the remainder when b is divided by 11?
9
Suppose 3*p = 2*d - 5*d + 291, -d = -3. Suppose 3*t + 2*c + 7 = p, -t = 3*c - 36. Calculate the remainder when t is divided by 16.
11
Calculate the remainder when 1*(16/(-32))/(0 - (-1)/(-214)) is divided by 41.
25
Let p = 746 + -728. Let a(c) = -c**2 + 2*c - 1. Let j be a(1). Suppose j = -n + 2*f + 16, 4*f - 2 + p = 0. What is the remainder when 54 is divided by n?
6
Suppose 5*b - j - 584 = 0, -19*j + 17*j = 8. What is the remainder when 2084 is divided by b?
112
What is the remainder when 587 is divided by ((-54)/(-1))/(((-36)/54)/(1 - 2))?
20
Let b(m) = -32*m + 137. Let f be b(4). Suppose -24*x - f = -33. Calculate the remainder when 18 is divided by x.
0
Suppose -2*l - 80 = -4*l. Let w = l - 28. Let a(h) = 7*h**2 - 3*h - 3. Calculate the remainder when w is divided by a(-1).
5
Let g(l) = 20*l**2 - 11*l - 76. Let j be g(-9). Suppose -36*x + 8761 = -j. What is the remainder when x is divided by 58?
57
Let b = -280 - -474. Suppose z - 5 = -n + 2*z, -5*z - 19 = -2*n. Suppose -5*g = 3*w - 259, 3*g - 7*g + b = -n*w. What is the remainder when g is divided by 13?
11
Suppose j - 2*q = 135 - 114, 0 = -q + 2. Let s be (-4 + 1)*(-2)/3. Suppose 3*f - 28 = -4*o, 4 = s*o - f - 0*f. What is the remainder when j is divided by o?
1
Suppose -145*f + 242850 = -288033 - 27222. What is the remainder when f is divided by 1280?
9
Suppose -595*g + 599*g = -4*w, 0 = 4*g + 5*w + 4. What is the remainder when 473 is divided by g?
1
Let a(y) = -16*y - 48. Suppose 0 = b - 2*o - 125, -2*o + 2 = 4. What is the remainder when b is divided by a(-6)?
27
Suppose 0 = 2*b + 3*f - 268, 7*f - 656 = -5